12?
False
Is 24 a factor of 8327280?
True
Does 30 divide 1305330?
True
Does 32 divide 63692?
False
Is 714 a factor of 11991630?
True
Is 578478 a multiple of 6?
True
Is 120120 a multiple of 130?
True
Is 12558752 a multiple of 172?
True
Is 6 a factor of 53227?
False
Does 141 divide 7297737?
True
Is 10092246 a multiple of 115?
False
Is 364 a factor of 2273908?
True
Does 65 divide 755885?
True
Does 56 divide 14210672?
True
Is 987893 a multiple of 47?
True
Does 25 divide 9100?
True
Does 5 divide 82235?
True
Is 150 a factor of 1864424?
False
Is 3 a factor of 13179?
True
Is 46 a factor of 78430?
True
Does 11 divide 31098?
False
Is 15 a factor of 7104903?
False
Does 16 divide 208256?
True
Does 128 divide 1109537?
False
Is 126100 a multiple of 130?
True
Is 600960 a multiple of 64?
True
Does 2 divide 525178?
True
Does 149 divide 777228?
False
Is 309002 a multiple of 34?
False
Is 17 a factor of 502747?
False
Is 82044 a multiple of 212?
True
Is 865111 a multiple of 169?
True
Does 47 divide 25098?
True
Is 12 a factor of 772201?
False
Is 594090 a multiple of 123?
True
Is 57 a factor of 519206?
False
Does 257 divide 122075?
True
Does 13 divide 89986?
True
Is 23674550 a multiple of 1402?
False
Is 101598 a multiple of 6?
True
Is 46 a factor of 13064?
True
Is 18419 a multiple of 163?
True
Is 710831 a multiple of 11?
True
Does 300 divide 487200?
True
Is 78594 a multiple of 189?
False
Is 1418 a factor of 5384052?
False
Is 3 a factor of 100272?
True
Is 33 a factor of 162199?
False
Is 48 a factor of 123792?
True
Does 198 divide 82423?
False
Does 13 divide 3940256?
False
Does 274 divide 637324?
True
Is 271 a factor of 9093295?
False
Is 12910482 a multiple of 234?
True
Does 179 divide 470568?
False
Is 53 a factor of 151496?
False
Is 128 a factor of 676109?
False
Is 642950 a multiple of 385?
True
Is 29 a factor of 2234160?
True
Does 11 divide 12337578?
True
Is 471 a factor of 52165?
False
Does 577 divide 2318386?
True
Is 2784234 a multiple of 6?
True
Is 9 a factor of 399975?
False
Is 57 a factor of 68751?
False
Does 134 divide 316572?
False
Is 41 a factor of 51648?
False
Is 2 a factor of 87079?
False
Is 135878 a multiple of 9?
False
Is 4564 a multiple of 7?
True
Does 15 divide 1360470?
True
Does 2723 divide 9893303?
False
Is 100 a factor of 394800?
True
Is 105264 a multiple of 9?
True
Is 25 a factor of 22873650?
True
Is 1270440 a multiple of 120?
True
Is 15 a factor of 124656?
False
Is 31 a factor of 6199535?
True
Is 1833 a factor of 23290098?
True
Is 102150 a multiple of 6?
True
Does 23 divide 543041?
False
Does 312 divide 114504?
True
Is 2465840 a multiple of 130?
True
Is 9 a factor of 247743?
True
Is 11 a factor of 6061924?
True
Is 26658 even?
True
Does 122 divide 71614?
True
Does 26 divide 740766?
True
Does 2 divide 1958?
True
Is 48 a factor of 1893360?
True
Does 4 divide 64420?
True
Is 31 a factor of 30659?
True
Does 17 divide 447?
False
Is 115504 a multiple of 531?
False
Is 1917210 a multiple of 414?
False
Is 616572 a multiple of 18?
True
Is 1305876 a multiple of 429?
True
Does 86 divide 1782620?
False
Does 177 divide 226383?
True
Is 5325 a multiple of 16?
False
Is 186707 a multiple of 38?
False
Is 189 a factor of 78057?
True
Is 536 a factor of 131856?
True
Does 102 divide 307021?
False
Is 40 a factor of 3997360?
True
Does 130 divide 5854801?
False
Is 6148626 a multiple of 499?
False
Does 745 divide 8392440?
False
Does 35 divide 2269865?
False
Is 39 a factor of 95094?
False
Does 84 divide 271209?
False
Is 137 a factor of 2634373?
True
Does 2029 divide 19245065?
True
Is 18 a factor of 242816?
False
Is 102 a factor of 8641203?
False
Is 145 a factor of 272848?
False
Is 42251 a multiple of 23?
True
Is 15 a factor of 69152?
False
Is 36 a factor of 138492?
True
Does 64 divide 305920?
True
Does 30 divide 8576151?
False
Does 155 divide 146010?
True
Does 22 divide 2989990?
False
Is 5 a factor of 116126?
False
Is 64 a factor of 1178496?
True
Is 65 a factor of 80470?
True
Does 41 divide 174672?
False
Does 30 divide 95549?
False
Is 47 a factor of 1046267?
True
Does 8 divide 356368?
True
Is 3561 a multiple of 234?
False
Does 93 divide 30275?
False
Is 595075 a multiple of 17?
False
Is 3128226 a multiple of 5?
False
Is 15 a factor of 35490?
True
Is 213 a factor of 1388121?
True
Is 76010 a multiple of 110?
True
Is 220077 a multiple of 61?
False
Does 50 divide 3351563?
False
Is 159 a factor of 988980?
True
Is 147 a factor of 55570?
False
Is 990646 a multiple of 54?
False
Does 34 divide 5347690?
True
Is 88734 a multiple of 241?
False
Does 414 divide 433044?
True
Is 956685 a multiple of 59?
True
Is 57 a factor of 724356?
True
Is 57 a factor of 18639?
True
Is 20 a factor of 330320?
True
Is 102 a factor of 83881?
False
Does 22 divide 849112?
True
Does 183 divide 239249?
False
Is 147 a factor of 7444467?
False
Is 3057390 a multiple of 248?
False
Is 26531 a multiple of 40?
False
Does 31 divide 1490914?
True
Is 3 a factor of 9669?
True
Is 14 a factor of 58855?
False
Is 2388744 a multiple of 8?
True
Is 7262548 a multiple of 57?
False
Is 14 a factor of 202019?
False
Is 594008 a multiple of 305?
False
Is 9055105 a multiple of 317?
True
Is 359 a factor of 6192750?
True
Is 103205 a multiple of 2?
False
Is 16 a factor of 854374?
False
Does 19 divide 12269592?
True
Does 5 divide 538074?
False
Does 12 divide 165686?
False
Is 10 a factor of 294633?
False
Is 216900 a multiple of 30?
True
Is 22243392 a multiple of 2628?
True
Is 41 a factor of 173988?
False
Is 76 a factor of 860092?
True
Does 27 divide 33075?
True
Is 632693 a multiple of 29?
True
Is 1667 a factor of 8333333?
True
Is 57 a factor of 1749310?
False
Is 425 a factor of 1912500?
True
Does 104 divide 122616?
True
Does 12 divide 147797?
False
Is 810 a factor of 1578405?
False
Is 984865 a multiple of 133?
True
Does 22 divide 858231?
False
Is 2941315 a multiple of 481?
True
Is 365 a factor of 834025?
True
Does 19 divide 2364949?
True
Does 37 divide 4801294?
False
Does 389 divide 739489?
True
Does 32 divide 15779661?
False
Is 470 a factor of 1073950?
True
Does 156 divide 610584?
True
Is 128690 a multiple of 34?
True
Is 74 a factor of 810596?
True
Does 6 divide 4464086?
False
Is 54699 a multiple of 35?
False
Is 24 a factor of 3712047?
False
Is 38087 a multiple of 20?
False
Does 10 divide 5286360?
True
Is 237290 a multiple of 370?
False
Is 75 a factor of 1581627?
False
Is 984723 a multiple of 82?
False
Is 45 a factor of 4361085?
True
Is 28550689 a multiple of 784?
False
Does 57 divide 53751?
True
Is 18 a factor of 787644?
True
Is 221238 a multiple of 27?
True
Is 44 a factor of 513991?
False
Is 7293410 a multiple of 111?
False
Does 471 divide 340400?
False
Is 699062 a multiple of 230?
False
Is 496005 a multiple of 215?
True
Is 133 a factor of 335293?
True
Is 314101 a multiple of 47?
True
Is 10 a factor of 709440?
True
Does 34 divide 1331372?
True
Does 6 divide 17648?
False
Is 232427 a multiple of 10?
False
Is 27 a factor of 208567?
False
Is 791 a factor of 6574344?
False
Is 18 a factor of 605391?
False
Is 4101969 a multiple of 13?
False
Is 61204 a multiple of 27?
False
Is 367 a factor of 668674?
True
Does 775 divide 148253?
False
Is 64 a factor of 378176?
True
Does 15 divide 611865?
True
Is 92221 a multiple of 84?
False
Is 117 a factor of 11255412?
False
Is 77565 a multiple of 15?
True
Does 16 divide 208358?
False
Does 16 divide 7587328?
True
Does 2 divide 116148?
True
Does 192 divide 2527296?
True
Does 22 divide 655468?
True
Is 328 a factor of 72215?
False
Is 425840 a multiple of 10?
True
Is 334991 a multiple of 88?
False
Does 574 divide 2588408?
False
Does 14 divide 1547767?
False
Does 240 divide 12447667?
False
Is 108 a factor of 222561?
False
Is 9 a factor of 11287633?
False
Does 307 divide 6246836?
True
Is 49 a factor of 1207359?
False
Does 25 divide 127869?
False
Is 56 a factor of 49224?
True
Is 4 a factor of 28593?
False
Is 1276464 a multiple of 58?
True
Is 105 a factor of 535815?
True
Is 6 a factor of 399909?
False
Does 5 divide 43269?
False
Does 209 divide 695970?
True
Is 6430705 a multiple of 59?
True
Does 31 divide 119948?
False
Is 165 a factor of 188880?
False
Does 117 divide 10587846?
False
Is 81 a factor of 15876?
True
Is 211 a factor of 139893?
True
Is 8746 even?
True
Does 17 divide 5106375?
True
Does 33 divide 447349?
False